{"id":2,"date":"2024-12-06T12:02:39","date_gmt":"2024-12-06T11:02:39","guid":{"rendered":"https:\/\/www.tg-emsdetten.de\/test_z\/?page_id=2"},"modified":"2025-11-06T10:31:02","modified_gmt":"2025-11-06T09:31:02","slug":"impressum","status":"publish","type":"page","link":"https:\/\/www.tg-emsdetten.de\/index.php\/impressum\/","title":{"rendered":"Impressum"},"content":{"rendered":"\n<p>Tennisgemeinschaft Emsdetten e. V.<\/p>\n\n\n\n<p>C\/O 1.Vorsitzender<br>Dr. Ludger Wedy<br>Fritz-Erler-Str. 5<br>48282 Emsdetten<br>Tel. 02572-85476<\/p>\n\n\n\n<p>Platzanschrift<br>Grevener Damm 141<br>48282 Emsdetten<br><br>E-Mail:&nbsp;<a href=\"mailto:ludger.wedy@t-online.de\">ludger.wedy@t-online.de<\/a><br><br>Eingetragen im Vereinsregister Rheine unter Nr. 588<\/p>\n\n\n\n<p>Die Auswahl und Ver\u00f6ffentlichung der Informationen erfolgt mit gro\u00dfer Sorgfalt und nach bestem Wissen; eine Gew\u00e4hr f\u00fcr die Richtigkeit oder Vollst\u00e4ndigkeit der einzelnen Informationen kann jedoch nicht \u00fcbernommen werden.<\/p>\n","protected":false},"excerpt":{"rendered":"<p>Tennisgemeinschaft Emsdetten e. V. C\/O 1.VorsitzenderDr. Ludger WedyFritz-Erler-Str. 548282 EmsdettenTel. 02572-85476 PlatzanschriftGrevener Damm 14148282 Emsdetten E-Mail:&nbsp;ludger.wedy@t-online.de Eingetragen im Vereinsregister Rheine unter Nr. 588 Die Auswahl und Ver\u00f6ffentlichung der Informationen erfolgt mit gro\u00dfer Sorgfalt und nach bestem Wissen; eine Gew\u00e4hr f\u00fcr die Richtigkeit oder Vollst\u00e4ndigkeit der einzelnen Informationen kann jedoch nicht \u00fcbernommen werden.<\/p>\n","protected":false},"author":1,"featured_media":0,"parent":0,"menu_order":0,"comment_status":"closed","ping_status":"closed","template":"","meta":{"saved_in_kubio":true,"footnotes":""},"class_list":["post-2","page","type-page","status-publish","hentry"],"kubio_ai_page_context":{"short_desc":"","purpose":"general"},"_links":{"self":[{"href":"https:\/\/www.tg-emsdetten.de\/index.php\/wp-json\/wp\/v2\/pages\/2","targetHints":{"allow":["GET"]}}],"collection":[{"href":"https:\/\/www.tg-emsdetten.de\/index.php\/wp-json\/wp\/v2\/pages"}],"about":[{"href":"https:\/\/www.tg-emsdetten.de\/index.php\/wp-json\/wp\/v2\/types\/page"}],"author":[{"embeddable":true,"href":"https:\/\/www.tg-emsdetten.de\/index.php\/wp-json\/wp\/v2\/users\/1"}],"replies":[{"embeddable":true,"href":"https:\/\/www.tg-emsdetten.de\/index.php\/wp-json\/wp\/v2\/comments?post=2"}],"version-history":[{"count":4,"href":"https:\/\/www.tg-emsdetten.de\/index.php\/wp-json\/wp\/v2\/pages\/2\/revisions"}],"predecessor-version":[{"id":347,"href":"https:\/\/www.tg-emsdetten.de\/index.php\/wp-json\/wp\/v2\/pages\/2\/revisions\/347"}],"wp:attachment":[{"href":"https:\/\/www.tg-emsdetten.de\/index.php\/wp-json\/wp\/v2\/media?parent=2"}],"curies":[{"name":"wp","href":"https:\/\/api.w.org\/{rel}","templated":true}]}}

<p>Tennisgemeinschaft Emsdetten e. V.</p>



<p>C/O 1.Vorsitzender<br>Dr. Ludger Wedy<br>Fritz-Erler-Str. 5<br>48282 Emsdetten<br>Tel. 02572-85476</p>



<p>Platzanschrift<br>Grevener Damm 141<br>48282 Emsdetten<br><br>E-Mail:&nbsp;<a href="mailto:ludger.wedy@t-online.de">ludger.wedy@t-online.de</a><br><br>Eingetragen im Vereinsregister Rheine unter Nr. 588</p>



<p>Die Auswahl und Veröffentlichung der Informationen erfolgt mit großer Sorgfalt und nach bestem Wissen; eine Gewähr für die Richtigkeit oder Vollständigkeit der einzelnen Informationen kann jedoch nicht übernommen werden.</p>

<p>Tennisgemeinschaft Emsdetten e. V. C/O 1.VorsitzenderDr. Ludger WedyFritz-Erler-Str. 548282 EmsdettenTel. 02572-85476 PlatzanschriftGrevener Damm 14148282 Emsdetten E-Mail:&nbsp;ludger.wedy@t-online.de Eingetragen im Vereinsregister Rheine unter Nr. 588 Die Auswahl und Veröffentlichung der Informationen erfolgt mit großer Sorgfalt und nach bestem Wissen; eine Gewähr für die Richtigkeit oder Vollständigkeit der einzelnen Informationen kann jedoch nicht übernommen werden.</p>
